{"id":1103,"date":"2023-04-24T16:19:08","date_gmt":"2023-04-24T14:19:08","guid":{"rendered":"http:\/\/gitelajumel.fr\/?page_id=1103"},"modified":"2024-06-04T15:37:01","modified_gmt":"2024-06-04T13:37:01","slug":"vacances-cote-opale-nos-services-plus","status":"publish","type":"page","link":"https:\/\/gitelajumel.fr\/index.php\/vacances-cote-opale-nos-services-plus\/","title":{"rendered":"vacances cote opale nos services contact"},"content":{"rendered":"\t\t<div data-elementor-type=\"wp-page\" data-elementor-id=\"1103\" class=\"elementor elementor-1103\" data-elementor-post-type=\"page\">\n\t\t\t\t\t\t<section class=\"elementor-section elementor-top-section elementor-element elementor-element-12fdc65 elementor-section-height-min-height elementor-section-full_width elementor-section-items-stretch elementor-section-content-middle elementor-section-height-default elementor-invisible\" data-id=\"12fdc65\" data-element_type=\"section\" data-e-type=\"section\" data-settings=\"{&quot;background_background&quot;:&quot;classic&quot;,&quot;animation&quot;:&quot;fadeIn&quot;}\">\n\t\t\t\t\t\t<div class=\"elementor-container elementor-column-gap-default\">\n\t\t\t\t\t<div class=\"elementor-column elementor-col-100 elementor-top-column elementor-element elementor-element-7f618323\" data-id=\"7f618323\" data-element_type=\"column\" data-e-type=\"column\">\n\t\t\t<div class=\"elementor-widget-wrap elementor-element-populated\">\n\t\t\t\t\t\t<div class=\"elementor-element elementor-element-6737fad4 elementor-widget elementor-widget-heading\" data-id=\"6737fad4\" data-element_type=\"widget\" data-e-type=\"widget\" data-widget_type=\"heading.default\">\n\t\t\t\t<div class=\"elementor-widget-container\">\n\t\t\t\t\t<h1 class=\"elementor-heading-title elementor-size-default\">\u2022   Contact  \u2022<\/h1>\t\t\t\t<\/div>\n\t\t\t\t<\/div>\n\t\t\t\t\t<\/div>\n\t\t<\/div>\n\t\t\t\t\t<\/div>\n\t\t<\/section>\n\t\t\t\t<section class=\"elementor-section elementor-top-section elementor-element elementor-element-ead3244 elementor-section-boxed elementor-section-height-default elementor-section-height-default\" data-id=\"ead3244\" data-element_type=\"section\" data-e-type=\"section\">\n\t\t\t\t\t\t<div class=\"elementor-container elementor-column-gap-default\">\n\t\t\t\t\t<div class=\"elementor-column elementor-col-100 elementor-top-column elementor-element elementor-element-d595f3e\" data-id=\"d595f3e\" data-element_type=\"column\" data-e-type=\"column\">\n\t\t\t<div class=\"elementor-widget-wrap elementor-element-populated\">\n\t\t\t\t\t\t<div class=\"elementor-element elementor-element-61f51ab elementor-widget elementor-widget-spacer\" data-id=\"61f51ab\" data-element_type=\"widget\" data-e-type=\"widget\" data-widget_type=\"spacer.default\">\n\t\t\t\t<div class=\"elementor-widget-container\">\n\t\t\t\t\t\t\t<div class=\"elementor-spacer\">\n\t\t\t<div class=\"elementor-spacer-inner\"><\/div>\n\t\t<\/div>\n\t\t\t\t\t\t<\/div>\n\t\t\t\t<\/div>\n\t\t\t\t\t<\/div>\n\t\t<\/div>\n\t\t\t\t\t<\/div>\n\t\t<\/section>\n\t\t\t\t<section class=\"elementor-section elementor-top-section elementor-element elementor-element-340dff7 elementor-section-boxed elementor-section-height-default elementor-section-height-default\" data-id=\"340dff7\" data-element_type=\"section\" data-e-type=\"section\">\n\t\t\t\t\t\t<div class=\"elementor-container elementor-column-gap-default\">\n\t\t\t\t\t<div class=\"elementor-column elementor-col-100 elementor-top-column elementor-element elementor-element-75bbd3e\" data-id=\"75bbd3e\" data-element_type=\"column\" data-e-type=\"column\">\n\t\t\t<div class=\"elementor-widget-wrap elementor-element-populated\">\n\t\t\t\t\t\t<div class=\"elementor-element elementor-element-65450bd elementor-widget elementor-widget-image\" data-id=\"65450bd\" data-element_type=\"widget\" data-e-type=\"widget\" data-widget_type=\"image.default\">\n\t\t\t\t<div class=\"elementor-widget-container\">\n\t\t\t\t\t\t\t\t\t\t\t\t\t\t\t<img fetchpriority=\"high\" decoding=\"async\" width=\"600\" height=\"287\" src=\"https:\/\/gitelajumel.fr\/wp-content\/uploads\/2024\/03\/photo-profil-famille.jpg\" class=\"attachment-full size-full wp-image-1582\" alt=\"photo-profil-famille\" srcset=\"https:\/\/gitelajumel.fr\/wp-content\/uploads\/2024\/03\/photo-profil-famille.jpg 600w, https:\/\/gitelajumel.fr\/wp-content\/uploads\/2024\/03\/photo-profil-famille-300x144.jpg 300w\" sizes=\"(max-width: 600px) 100vw, 600px\" \/>\t\t\t\t\t\t\t\t\t\t\t\t\t\t\t<\/div>\n\t\t\t\t<\/div>\n\t\t\t\t\t<\/div>\n\t\t<\/div>\n\t\t\t\t\t<\/div>\n\t\t<\/section>\n\t\t\t\t<section class=\"elementor-section elementor-top-section elementor-element elementor-element-4d0e02d elementor-section-boxed elementor-section-height-default elementor-section-height-default\" data-id=\"4d0e02d\" data-element_type=\"section\" data-e-type=\"section\">\n\t\t\t\t\t\t<div class=\"elementor-container elementor-column-gap-default\">\n\t\t\t\t\t<div class=\"elementor-column elementor-col-100 elementor-top-column elementor-element elementor-element-bc802d5\" data-id=\"bc802d5\" data-element_type=\"column\" data-e-type=\"column\">\n\t\t\t<div class=\"elementor-widget-wrap\">\n\t\t\t\t\t\t\t<\/div>\n\t\t<\/div>\n\t\t\t\t\t<\/div>\n\t\t<\/section>\n\t\t\t\t<section class=\"elementor-section elementor-top-section elementor-element elementor-element-d0a30af elementor-section-boxed elementor-section-height-default elementor-section-height-default\" data-id=\"d0a30af\" data-element_type=\"section\" data-e-type=\"section\">\n\t\t\t\t\t\t<div class=\"elementor-container elementor-column-gap-default\">\n\t\t\t\t\t<div class=\"elementor-column elementor-col-100 elementor-top-column elementor-element elementor-element-1d4db37\" data-id=\"1d4db37\" data-element_type=\"column\" data-e-type=\"column\">\n\t\t\t<div class=\"elementor-widget-wrap elementor-element-populated\">\n\t\t\t\t\t\t<div class=\"elementor-element elementor-element-0f1d439 elementor-widget elementor-widget-heading\" data-id=\"0f1d439\" data-element_type=\"widget\" data-e-type=\"widget\" data-widget_type=\"heading.default\">\n\t\t\t\t<div class=\"elementor-widget-container\">\n\t\t\t\t\t<h2 class=\"elementor-heading-title elementor-size-default\"><a href=\"https:\/\/www.google.com\/maps?q=la+jumel&#038;client=avast-a-1&#038;sxsrf=APwXEdeSrNTVJPPnz1v2DsX2lDyeFd_XnQ:1686744870742&#038;gs_lcp=Cgxnd3Mtd2l6LXNlcnAQAxgAMgQIIxAnMgQIIxAnMgQIIxAnMgUILhCABDIFCAAQgAQyBQgAEIAEMgUIABCABDILCC4QgAQQxwEQrwEyCwguEIAEEMcBEK8BMgUIABCABDoKCAAQRxDWBBCwAzoKCAAQigUQsAMQQzoVCC4QigUQxwEQ0QMQyAMQsAMQQxgBOg8ILhCKBRDIAxCwAxBDGAE6BwgjEIoFECc6CwgAEIAEELEDEIMBOhEILhCABBCxAxCDARDHARDRAzoHCC4QigUQQzoUCC4QgAQQsQMQgwEQxwEQ0QMQ1AI6DgguEIAEELEDEIMBENQCOgsIABCKBRCxAxCDAToICAAQgAQQsQM6CwguEIAEELEDENQCOgQIABADOggILhDUAhCABEoECEEYAFCHC1jaFWC9H2gBcAF4AIABcIgB3QWSAQM0LjSYAQCgAQHAAQHIAQvaAQQIARgI&#038;um=1&#038;ie=UTF-8&#038;sa=X&#038;ved=2ahUKEwilytyp3sL_AhWKQaQEHaZRD6UQ0pQJegQIBhAC\">Contactez-nous :<br>\nSandrine  et  Nicolas Capon<\/a><\/h2>\t\t\t\t<\/div>\n\t\t\t\t<\/div>\n\t\t\t\t<div class=\"elementor-element elementor-element-7d9e61c elementor-widget-divider--view-line elementor-widget elementor-widget-divider\" data-id=\"7d9e61c\" data-element_type=\"widget\" data-e-type=\"widget\" data-widget_type=\"divider.default\">\n\t\t\t\t<div class=\"elementor-widget-container\">\n\t\t\t\t\t\t\t<div class=\"elementor-divider\">\n\t\t\t<span class=\"elementor-divider-separator\">\n\t\t\t\t\t\t<\/span>\n\t\t<\/div>\n\t\t\t\t\t\t<\/div>\n\t\t\t\t<\/div>\n\t\t\t\t<div class=\"elementor-element elementor-element-f3c3b5b elementor-widget elementor-widget-heading\" data-id=\"f3c3b5b\" data-element_type=\"widget\" data-e-type=\"widget\" data-widget_type=\"heading.default\">\n\t\t\t\t<div class=\"elementor-widget-container\">\n\t\t\t\t\t<h1 class=\"elementor-heading-title elementor-size-default\"><a href=\"https:\/\/www.google.com\/maps?q=la+jumel&#038;client=avast-a-1&#038;sxsrf=APwXEdeSrNTVJPPnz1v2DsX2lDyeFd_XnQ:1686744870742&#038;gs_lcp=Cgxnd3Mtd2l6LXNlcnAQAxgAMgQIIxAnMgQIIxAnMgQIIxAnMgUILhCABDIFCAAQgAQyBQgAEIAEMgUIABCABDILCC4QgAQQxwEQrwEyCwguEIAEEMcBEK8BMgUIABCABDoKCAAQRxDWBBCwAzoKCAAQigUQsAMQQzoVCC4QigUQxwEQ0QMQyAMQsAMQQxgBOg8ILhCKBRDIAxCwAxBDGAE6BwgjEIoFECc6CwgAEIAEELEDEIMBOhEILhCABBCxAxCDARDHARDRAzoHCC4QigUQQzoUCC4QgAQQsQMQgwEQxwEQ0QMQ1AI6DgguEIAEELEDEIMBENQCOgsIABCKBRCxAxCDAToICAAQgAQQsQM6CwguEIAEELEDENQCOgQIABADOggILhDUAhCABEoECEEYAFCHC1jaFWC9H2gBcAF4AIABcIgB3QWSAQM0LjSYAQCgAQHAAQHIAQvaAQQIARgI&#038;um=1&#038;ie=UTF-8&#038;sa=X&#038;ved=2ahUKEwilytyp3sL_AhWKQaQEHaZRD6UQ0pQJegQIBhAC\">58, d\u00e9partementale<br> 349\nJumel<br>\u00a062990\u00a0BEAURAINVILLE<br>\n\nCoordonn\u00e9es GPS :\nN 50\u00b025'17.131, E 1\u00b053'12.363\n50.421528, 1.886815<\/a><\/h1>\t\t\t\t<\/div>\n\t\t\t\t<\/div>\n\t\t\t\t<div class=\"elementor-element elementor-element-23d6f6b elementor-widget elementor-widget-text-editor\" data-id=\"23d6f6b\" data-element_type=\"widget\" data-e-type=\"widget\" data-widget_type=\"text-editor.default\">\n\t\t\t\t<div class=\"elementor-widget-container\">\n\t\t\t\t\t\t\t\t\t<p>RN 39 entre Hesdin et Montreuil,<\/p><p>sortie Campagne-les-Hesdin direction Beaurainville.<\/p><p>Au rond-point sur la D348, direction L\u00e9pinoy, 2\u00e8me maison \u00e0 gauche.<\/p><p>Entrez par le chemin 50 m apr\u00e8s la maison.<\/p>\t\t\t\t\t\t\t\t<\/div>\n\t\t\t\t<\/div>\n\t\t\t\t<div class=\"elementor-element elementor-element-1434fdd elementor-widget elementor-widget-spacer\" data-id=\"1434fdd\" data-element_type=\"widget\" data-e-type=\"widget\" data-widget_type=\"spacer.default\">\n\t\t\t\t<div class=\"elementor-widget-container\">\n\t\t\t\t\t\t\t<div class=\"elementor-spacer\">\n\t\t\t<div class=\"elementor-spacer-inner\"><\/div>\n\t\t<\/div>\n\t\t\t\t\t\t<\/div>\n\t\t\t\t<\/div>\n\t\t\t\t<div class=\"elementor-element elementor-element-ecd3366 elementor-widget elementor-widget-shortcode\" data-id=\"ecd3366\" data-element_type=\"widget\" data-e-type=\"widget\" data-widget_type=\"shortcode.default\">\n\t\t\t\t<div class=\"elementor-widget-container\">\n\t\t\t\t\t\t\t<div class=\"elementor-shortcode\"><style id=\"wpforms-css-vars-2316\">\n\t\t\t\t#wpforms-2316 {\n\t\t\t\t\n\t\t\t}\n\t\t\t<\/style><div class=\"wpforms-container wpforms-container-full wpforms-render-modern\" id=\"wpforms-2316\"><form id=\"wpforms-form-2316\" class=\"wpforms-validate wpforms-form wpforms-ajax-form\" data-formid=\"2316\" method=\"post\" enctype=\"multipart\/form-data\" action=\"\/index.php\/wp-json\/wp\/v2\/pages\/1103\" data-token=\"2de8d9d4c9e13411fbb007758908472e\" data-token-time=\"1778669034\"><noscript class=\"wpforms-error-noscript\">Veuillez activer JavaScript dans votre navigateur pour remplir ce formulaire.<\/noscript><div id=\"wpforms-error-noscript\" style=\"display: none;\">Veuillez activer JavaScript dans votre navigateur pour remplir ce formulaire.<\/div><div class=\"wpforms-field-container\"><div id=\"wpforms-2316-field_0-container\" class=\"wpforms-field wpforms-field-name\" data-field-id=\"0\"><fieldset><legend class=\"wpforms-field-label\">Pr\u00e9non \/ Nom <span class=\"wpforms-required-label\" aria-hidden=\"true\">*<\/span><\/legend><div class=\"wpforms-field-row wpforms-field-medium\"><div class=\"wpforms-field-row-block wpforms-first wpforms-one-half\"><input type=\"text\" id=\"wpforms-2316-field_0\" class=\"wpforms-field-name-first wpforms-field-required\" name=\"wpforms[fields][0][first]\" aria-errormessage=\"wpforms-2316-field_0-error\" required><label for=\"wpforms-2316-field_0\" class=\"wpforms-field-sublabel after\">Pr\u00e9nom<\/label><\/div><div class=\"wpforms-field-row-block wpforms-one-half\"><input type=\"text\" id=\"wpforms-2316-field_0-last\" class=\"wpforms-field-name-last wpforms-field-required\" name=\"wpforms[fields][0][last]\" aria-errormessage=\"wpforms-2316-field_0-last-error\" required><label for=\"wpforms-2316-field_0-last\" class=\"wpforms-field-sublabel after\">Nom<\/label><\/div><\/div><\/fieldset><\/div><div id=\"wpforms-2316-field_4-container\" class=\"wpforms-field wpforms-field-text\" data-field-id=\"4\"><label class=\"wpforms-field-label\" for=\"wpforms-2316-field_4\">N\u00b0 de t\u00e9l\u00e9phone <span class=\"wpforms-required-label\" aria-hidden=\"true\">*<\/span><\/label><input type=\"text\" id=\"wpforms-2316-field_4\" class=\"wpforms-field-medium wpforms-field-required\" name=\"wpforms[fields][4]\" aria-errormessage=\"wpforms-2316-field_4-error\" required><\/div><div id=\"wpforms-2316-field_1-container\" class=\"wpforms-field wpforms-field-email\" data-field-id=\"1\"><label class=\"wpforms-field-label\" for=\"wpforms-2316-field_1\">E-mail <span class=\"wpforms-required-label\" aria-hidden=\"true\">*<\/span><\/label><input type=\"email\" id=\"wpforms-2316-field_1\" class=\"wpforms-field-medium wpforms-field-required\" name=\"wpforms[fields][1]\" spellcheck=\"false\" aria-errormessage=\"wpforms-2316-field_1-error\" required><\/div><div id=\"wpforms-2316-field_5-container\" class=\"wpforms-field wpforms-field-text\" data-field-id=\"5\"><label class=\"wpforms-field-label\" for=\"wpforms-2316-field_5\">Date du s\u00e9jour souhait\u00e9e<\/label><input type=\"text\" id=\"wpforms-2316-field_5\" class=\"wpforms-field-medium\" name=\"wpforms[fields][5]\" aria-errormessage=\"wpforms-2316-field_5-error\" ><\/div><div id=\"wpforms-2316-field_3-container\" class=\"wpforms-field wpforms-field-number\" data-field-id=\"3\"><label class=\"wpforms-field-label\" for=\"wpforms-2316-field_3\">Nombres de participants<\/label><input type=\"number\" id=\"wpforms-2316-field_3\" class=\"wpforms-field-medium\" name=\"wpforms[fields][3]\" step=\"any\" aria-errormessage=\"wpforms-2316-field_3-error\" ><\/div><div id=\"wpforms-2316-field_6-container\" class=\"wpforms-field wpforms-field-text\" data-field-id=\"6\"><label class=\"wpforms-field-label\" for=\"wpforms-2316-field_6\">Objet du s\u00e9jour<\/label><input type=\"text\" id=\"wpforms-2316-field_6\" class=\"wpforms-field-medium\" name=\"wpforms[fields][6]\" aria-errormessage=\"wpforms-2316-field_6-error\" ><\/div><div id=\"wpforms-2316-field_2-container\" class=\"wpforms-field wpforms-field-textarea\" data-field-id=\"2\"><label class=\"wpforms-field-label\" for=\"wpforms-2316-field_2\">Message<\/label><textarea id=\"wpforms-2316-field_2\" class=\"wpforms-field-medium\" name=\"wpforms[fields][2]\" aria-errormessage=\"wpforms-2316-field_2-error\" ><\/textarea><\/div><\/div><!-- .wpforms-field-container --><div class=\"wpforms-recaptcha-container wpforms-is-recaptcha wpforms-is-recaptcha-type-v2\" ><div class=\"g-recaptcha\" data-sitekey=\"6Lfov_ApAAAAAERwVM4tIvTGCMDe_4Gw2EH2r-33\"><\/div><input type=\"text\" name=\"g-recaptcha-hidden\" class=\"wpforms-recaptcha-hidden\" style=\"position:absolute!important;clip:rect(0,0,0,0)!important;height:1px!important;width:1px!important;border:0!important;overflow:hidden!important;padding:0!important;margin:0!important;\" data-rule-recaptcha=\"1\"><\/div><div class=\"wpforms-submit-container\" ><input type=\"hidden\" name=\"wpforms[id]\" value=\"2316\"><input type=\"hidden\" name=\"page_title\" value=\"\"><input type=\"hidden\" name=\"page_url\" value=\"https:\/\/gitelajumel.fr\/index.php\/wp-json\/wp\/v2\/pages\/1103\"><input type=\"hidden\" name=\"url_referer\" value=\"\"><button type=\"submit\" name=\"wpforms[submit]\" id=\"wpforms-submit-2316\" class=\"wpforms-submit\" data-alt-text=\"Envoi...\" data-submit-text=\"Envoyer\" aria-live=\"assertive\" value=\"wpforms-submit\">Envoyer<\/button><img decoding=\"async\" src=\"https:\/\/gitelajumel.fr\/wp-content\/plugins\/wpforms-lite\/assets\/images\/submit-spin.svg\" class=\"wpforms-submit-spinner\" style=\"display: none;\" width=\"26\" height=\"26\" alt=\"Chargement en cours\"><\/div><\/form><\/div>  <!-- .wpforms-container --><\/div>\n\t\t\t\t\t\t<\/div>\n\t\t\t\t<\/div>\n\t\t\t\t<div class=\"elementor-element elementor-element-a26a899 elementor-widget elementor-widget-spacer\" data-id=\"a26a899\" data-element_type=\"widget\" data-e-type=\"widget\" data-widget_type=\"spacer.default\">\n\t\t\t\t<div class=\"elementor-widget-container\">\n\t\t\t\t\t\t\t<div class=\"elementor-spacer\">\n\t\t\t<div class=\"elementor-spacer-inner\"><\/div>\n\t\t<\/div>\n\t\t\t\t\t\t<\/div>\n\t\t\t\t<\/div>\n\t\t\t\t\t<\/div>\n\t\t<\/div>\n\t\t\t\t\t<\/div>\n\t\t<\/section>\n\t\t\t\t<\/div>\n\t\t","protected":false},"excerpt":{"rendered":"<p>\u2022 Contact \u2022 Contactez-nous : Sandrine et Nicolas Capon 58, d\u00e9partementale 349 Jumel\u00a062990\u00a0BEAURAINVILLE Coordonn\u00e9es GPS : N 50\u00b025&rsquo;17.131, E 1\u00b053&rsquo;12.363 50.421528, 1.886815 RN 39 entre Hesdin et Montreuil, sortie Campagne-les-Hesdin direction Beaurainville. Au rond-point sur la D348, direction L\u00e9pinoy, 2\u00e8me maison \u00e0 gauche. Entrez par le chemin 50 m apr\u00e8s la maison.<\/p>\n","protected":false},"author":1,"featured_media":0,"parent":0,"menu_order":0,"comment_status":"closed","ping_status":"closed","template":"elementor_header_footer","meta":{"footnotes":""},"class_list":["post-1103","page","type-page","status-publish","hentry"],"yoast_head":"<!-- This site is optimized with the Yoast SEO plugin v27.6 - https:\/\/yoast.com\/product\/yoast-seo-wordpress\/ -->\n<title>G\u00eete la jumel - Contact<\/title>\n<meta name=\"description\" content=\"Cliquez ici afin de nous contacter pour votre s\u00e9jour dans notre logement\/G\u00eete dans les Haut de France, 7 vall\u00e9es !\" \/>\n<meta name=\"robots\" content=\"index, follow, max-snippet:-1, max-image-preview:large, max-video-preview:-1\" \/>\n<link rel=\"canonical\" href=\"https:\/\/gitelajumel.fr\/index.php\/vacances-cote-opale-nos-services-plus\/\" \/>\n<meta property=\"og:locale\" content=\"fr_FR\" \/>\n<meta property=\"og:type\" content=\"article\" \/>\n<meta property=\"og:title\" content=\"G\u00eete la jumel - Contact\" \/>\n<meta property=\"og:description\" content=\"Cliquez ici afin de nous contacter pour votre s\u00e9jour dans notre logement\/G\u00eete dans les Haut de France, 7 vall\u00e9es !\" \/>\n<meta property=\"og:url\" content=\"https:\/\/gitelajumel.fr\/index.php\/vacances-cote-opale-nos-services-plus\/\" \/>\n<meta property=\"og:site_name\" content=\"G\u00eete la Jumel\" \/>\n<meta property=\"article:modified_time\" content=\"2024-06-04T13:37:01+00:00\" \/>\n<meta property=\"og:image\" content=\"https:\/\/gitelajumel.fr\/wp-content\/uploads\/2024\/03\/photo-profil-famille.jpg\" \/>\n<meta name=\"twitter:card\" content=\"summary_large_image\" \/>\n<meta name=\"twitter:label1\" content=\"Dur\u00e9e de lecture estim\u00e9e\" \/>\n\t<meta name=\"twitter:data1\" content=\"1 minute\" \/>\n<script type=\"application\/ld+json\" class=\"yoast-schema-graph\">{\"@context\":\"https:\\\/\\\/schema.org\",\"@graph\":[{\"@type\":\"WebPage\",\"@id\":\"https:\\\/\\\/gitelajumel.fr\\\/index.php\\\/vacances-cote-opale-nos-services-plus\\\/\",\"url\":\"https:\\\/\\\/gitelajumel.fr\\\/index.php\\\/vacances-cote-opale-nos-services-plus\\\/\",\"name\":\"G\u00eete la jumel - Contact\",\"isPartOf\":{\"@id\":\"https:\\\/\\\/gitelajumel.fr\\\/#website\"},\"primaryImageOfPage\":{\"@id\":\"https:\\\/\\\/gitelajumel.fr\\\/index.php\\\/vacances-cote-opale-nos-services-plus\\\/#primaryimage\"},\"image\":{\"@id\":\"https:\\\/\\\/gitelajumel.fr\\\/index.php\\\/vacances-cote-opale-nos-services-plus\\\/#primaryimage\"},\"thumbnailUrl\":\"https:\\\/\\\/gitelajumel.fr\\\/wp-content\\\/uploads\\\/2024\\\/03\\\/photo-profil-famille.jpg\",\"datePublished\":\"2023-04-24T14:19:08+00:00\",\"dateModified\":\"2024-06-04T13:37:01+00:00\",\"description\":\"Cliquez ici afin de nous contacter pour votre s\u00e9jour dans notre logement\\\/G\u00eete dans les Haut de France, 7 vall\u00e9es !\",\"breadcrumb\":{\"@id\":\"https:\\\/\\\/gitelajumel.fr\\\/index.php\\\/vacances-cote-opale-nos-services-plus\\\/#breadcrumb\"},\"inLanguage\":\"fr-FR\",\"potentialAction\":[{\"@type\":\"ReadAction\",\"target\":[\"https:\\\/\\\/gitelajumel.fr\\\/index.php\\\/vacances-cote-opale-nos-services-plus\\\/\"]}]},{\"@type\":\"ImageObject\",\"inLanguage\":\"fr-FR\",\"@id\":\"https:\\\/\\\/gitelajumel.fr\\\/index.php\\\/vacances-cote-opale-nos-services-plus\\\/#primaryimage\",\"url\":\"https:\\\/\\\/gitelajumel.fr\\\/wp-content\\\/uploads\\\/2024\\\/03\\\/photo-profil-famille.jpg\",\"contentUrl\":\"https:\\\/\\\/gitelajumel.fr\\\/wp-content\\\/uploads\\\/2024\\\/03\\\/photo-profil-famille.jpg\",\"width\":600,\"height\":287,\"caption\":\"photo-profil-famille\"},{\"@type\":\"BreadcrumbList\",\"@id\":\"https:\\\/\\\/gitelajumel.fr\\\/index.php\\\/vacances-cote-opale-nos-services-plus\\\/#breadcrumb\",\"itemListElement\":[{\"@type\":\"ListItem\",\"position\":1,\"name\":\"Accueil\",\"item\":\"https:\\\/\\\/gitelajumel.fr\\\/\"},{\"@type\":\"ListItem\",\"position\":2,\"name\":\"vacances cote opale nos services contact\"}]},{\"@type\":\"WebSite\",\"@id\":\"https:\\\/\\\/gitelajumel.fr\\\/#website\",\"url\":\"https:\\\/\\\/gitelajumel.fr\\\/\",\"name\":\"G\u00eete la Jumel\",\"description\":\"Un site utilisant WordPress\",\"publisher\":{\"@id\":\"https:\\\/\\\/gitelajumel.fr\\\/#organization\"},\"potentialAction\":[{\"@type\":\"SearchAction\",\"target\":{\"@type\":\"EntryPoint\",\"urlTemplate\":\"https:\\\/\\\/gitelajumel.fr\\\/?s={search_term_string}\"},\"query-input\":{\"@type\":\"PropertyValueSpecification\",\"valueRequired\":true,\"valueName\":\"search_term_string\"}}],\"inLanguage\":\"fr-FR\"},{\"@type\":\"Organization\",\"@id\":\"https:\\\/\\\/gitelajumel.fr\\\/#organization\",\"name\":\"G\u00eete la Jumel\",\"url\":\"https:\\\/\\\/gitelajumel.fr\\\/\",\"logo\":{\"@type\":\"ImageObject\",\"inLanguage\":\"fr-FR\",\"@id\":\"https:\\\/\\\/gitelajumel.fr\\\/#\\\/schema\\\/logo\\\/image\\\/\",\"url\":\"https:\\\/\\\/gitelajumel.fr\\\/wp-content\\\/uploads\\\/2023\\\/04\\\/logo-jumel-MODIF-HD.svg\",\"contentUrl\":\"https:\\\/\\\/gitelajumel.fr\\\/wp-content\\\/uploads\\\/2023\\\/04\\\/logo-jumel-MODIF-HD.svg\",\"width\":1417,\"height\":1047,\"caption\":\"G\u00eete la Jumel\"},\"image\":{\"@id\":\"https:\\\/\\\/gitelajumel.fr\\\/#\\\/schema\\\/logo\\\/image\\\/\"}}]}<\/script>\n<!-- \/ Yoast SEO plugin. -->","yoast_head_json":{"title":"G\u00eete la jumel - Contact","description":"Cliquez ici afin de nous contacter pour votre s\u00e9jour dans notre logement\/G\u00eete dans les Haut de France, 7 vall\u00e9es !","robots":{"index":"index","follow":"follow","max-snippet":"max-snippet:-1","max-image-preview":"max-image-preview:large","max-video-preview":"max-video-preview:-1"},"canonical":"https:\/\/gitelajumel.fr\/index.php\/vacances-cote-opale-nos-services-plus\/","og_locale":"fr_FR","og_type":"article","og_title":"G\u00eete la jumel - Contact","og_description":"Cliquez ici afin de nous contacter pour votre s\u00e9jour dans notre logement\/G\u00eete dans les Haut de France, 7 vall\u00e9es !","og_url":"https:\/\/gitelajumel.fr\/index.php\/vacances-cote-opale-nos-services-plus\/","og_site_name":"G\u00eete la Jumel","article_modified_time":"2024-06-04T13:37:01+00:00","og_image":[{"url":"https:\/\/gitelajumel.fr\/wp-content\/uploads\/2024\/03\/photo-profil-famille.jpg","type":"","width":"","height":""}],"twitter_card":"summary_large_image","twitter_misc":{"Dur\u00e9e de lecture estim\u00e9e":"1 minute"},"schema":{"@context":"https:\/\/schema.org","@graph":[{"@type":"WebPage","@id":"https:\/\/gitelajumel.fr\/index.php\/vacances-cote-opale-nos-services-plus\/","url":"https:\/\/gitelajumel.fr\/index.php\/vacances-cote-opale-nos-services-plus\/","name":"G\u00eete la jumel - Contact","isPartOf":{"@id":"https:\/\/gitelajumel.fr\/#website"},"primaryImageOfPage":{"@id":"https:\/\/gitelajumel.fr\/index.php\/vacances-cote-opale-nos-services-plus\/#primaryimage"},"image":{"@id":"https:\/\/gitelajumel.fr\/index.php\/vacances-cote-opale-nos-services-plus\/#primaryimage"},"thumbnailUrl":"https:\/\/gitelajumel.fr\/wp-content\/uploads\/2024\/03\/photo-profil-famille.jpg","datePublished":"2023-04-24T14:19:08+00:00","dateModified":"2024-06-04T13:37:01+00:00","description":"Cliquez ici afin de nous contacter pour votre s\u00e9jour dans notre logement\/G\u00eete dans les Haut de France, 7 vall\u00e9es !","breadcrumb":{"@id":"https:\/\/gitelajumel.fr\/index.php\/vacances-cote-opale-nos-services-plus\/#breadcrumb"},"inLanguage":"fr-FR","potentialAction":[{"@type":"ReadAction","target":["https:\/\/gitelajumel.fr\/index.php\/vacances-cote-opale-nos-services-plus\/"]}]},{"@type":"ImageObject","inLanguage":"fr-FR","@id":"https:\/\/gitelajumel.fr\/index.php\/vacances-cote-opale-nos-services-plus\/#primaryimage","url":"https:\/\/gitelajumel.fr\/wp-content\/uploads\/2024\/03\/photo-profil-famille.jpg","contentUrl":"https:\/\/gitelajumel.fr\/wp-content\/uploads\/2024\/03\/photo-profil-famille.jpg","width":600,"height":287,"caption":"photo-profil-famille"},{"@type":"BreadcrumbList","@id":"https:\/\/gitelajumel.fr\/index.php\/vacances-cote-opale-nos-services-plus\/#breadcrumb","itemListElement":[{"@type":"ListItem","position":1,"name":"Accueil","item":"https:\/\/gitelajumel.fr\/"},{"@type":"ListItem","position":2,"name":"vacances cote opale nos services contact"}]},{"@type":"WebSite","@id":"https:\/\/gitelajumel.fr\/#website","url":"https:\/\/gitelajumel.fr\/","name":"G\u00eete la Jumel","description":"Un site utilisant WordPress","publisher":{"@id":"https:\/\/gitelajumel.fr\/#organization"},"potentialAction":[{"@type":"SearchAction","target":{"@type":"EntryPoint","urlTemplate":"https:\/\/gitelajumel.fr\/?s={search_term_string}"},"query-input":{"@type":"PropertyValueSpecification","valueRequired":true,"valueName":"search_term_string"}}],"inLanguage":"fr-FR"},{"@type":"Organization","@id":"https:\/\/gitelajumel.fr\/#organization","name":"G\u00eete la Jumel","url":"https:\/\/gitelajumel.fr\/","logo":{"@type":"ImageObject","inLanguage":"fr-FR","@id":"https:\/\/gitelajumel.fr\/#\/schema\/logo\/image\/","url":"https:\/\/gitelajumel.fr\/wp-content\/uploads\/2023\/04\/logo-jumel-MODIF-HD.svg","contentUrl":"https:\/\/gitelajumel.fr\/wp-content\/uploads\/2023\/04\/logo-jumel-MODIF-HD.svg","width":1417,"height":1047,"caption":"G\u00eete la Jumel"},"image":{"@id":"https:\/\/gitelajumel.fr\/#\/schema\/logo\/image\/"}}]}},"_links":{"self":[{"href":"https:\/\/gitelajumel.fr\/index.php\/wp-json\/wp\/v2\/pages\/1103","targetHints":{"allow":["GET"]}}],"collection":[{"href":"https:\/\/gitelajumel.fr\/index.php\/wp-json\/wp\/v2\/pages"}],"about":[{"href":"https:\/\/gitelajumel.fr\/index.php\/wp-json\/wp\/v2\/types\/page"}],"author":[{"embeddable":true,"href":"https:\/\/gitelajumel.fr\/index.php\/wp-json\/wp\/v2\/users\/1"}],"replies":[{"embeddable":true,"href":"https:\/\/gitelajumel.fr\/index.php\/wp-json\/wp\/v2\/comments?post=1103"}],"version-history":[{"count":109,"href":"https:\/\/gitelajumel.fr\/index.php\/wp-json\/wp\/v2\/pages\/1103\/revisions"}],"predecessor-version":[{"id":2325,"href":"https:\/\/gitelajumel.fr\/index.php\/wp-json\/wp\/v2\/pages\/1103\/revisions\/2325"}],"wp:attachment":[{"href":"https:\/\/gitelajumel.fr\/index.php\/wp-json\/wp\/v2\/media?parent=1103"}],"curies":[{"name":"wp","href":"https:\/\/api.w.org\/{rel}","templated":true}]}}